{"id":2657,"date":"2025-07-20T21:27:59","date_gmt":"2025-07-20T19:27:59","guid":{"rendered":"https:\/\/klassehunde.de\/Blog\/?page_id=2657"},"modified":"2025-10-22T17:16:30","modified_gmt":"2025-10-22T15:16:30","slug":"ellara","status":"publish","type":"page","link":"https:\/\/klassehunde.de\/Blog\/ellara\/","title":{"rendered":"Ellara"},"content":{"rendered":"<p><img loading=\"lazy\" decoding=\"async\" class=\"aligncenter  wp-image-2711\" src=\"https:\/\/klassehunde.de\/Blog\/wp-content\/uploads\/2025\/10\/Ellara-191025-027-scaled.jpg\" alt=\"\" width=\"400\" height=\"688\" srcset=\"https:\/\/klassehunde.de\/Blog\/wp-content\/uploads\/2025\/10\/Ellara-191025-027-scaled.jpg 1488w, https:\/\/klassehunde.de\/Blog\/wp-content\/uploads\/2025\/10\/Ellara-191025-027-174x300.jpg 174w, https:\/\/klassehunde.de\/Blog\/wp-content\/uploads\/2025\/10\/Ellara-191025-027-595x1024.jpg 595w, https:\/\/klassehunde.de\/Blog\/wp-content\/uploads\/2025\/10\/Ellara-191025-027-768x1321.jpg 768w, https:\/\/klassehunde.de\/Blog\/wp-content\/uploads\/2025\/10\/Ellara-191025-027-893x1536.jpg 893w, https:\/\/klassehunde.de\/Blog\/wp-content\/uploads\/2025\/10\/Ellara-191025-027-1190x2048.jpg 1190w\" sizes=\"auto, (max-width: 400px) 100vw, 400px\" \/><\/p>\n<p><span style=\"font-size: 14pt;\">Am 06.06.25 ist die kleine Ellara (E&#8217;Lara Lady Fox von Roohan) im Alter von 10 Wochen bei uns eingezogen. Ellara kommt, wie auch schon Holy und Sira vor ihr, aus dem Zuchtkennel <a href=\"https:\/\/www.cocker-von-roohan.de\/\">&#8222;von Roohan&#8220;<\/a> in Biblis. \u00dcber ihre Mama Leia (Prinzessin Leia Fox von Roohan) geh\u00f6rt Ellara zu einer der \u00e4ltesten Linien der Roohaner. Ihr Papa ist Mak (CIE Elen&#8217;s Klondaik Hitmaker for von Roohan), ein aus Russland stammender Cockerr\u00fcde.<\/span><\/p>\n<p><span style=\"font-size: 14pt;\">Wir sind sehr gespannt, wohin die Reise mit uns und der kleinen Ellara geht. Auf alle F\u00e4lle \u00fcbt sie schon sehr flei\u00dfig jede Woche auf den Hundeplatz die ersten Hoopersschritte und lernt sonst jeden Tag, das kleine und gro\u00dfe Hundeeinmaleins.<\/span><\/p>\n","protected":false},"excerpt":{"rendered":"<p>Am 06.06.25 ist die kleine Ellara (E&#8217;Lara Lady Fox von Roohan) im Alter von 10 Wochen bei uns eingezogen. Ellara kommt, wie auch schon Holy und Sira vor ihr, aus dem Zuchtkennel &#8222;von Roohan&#8220; in Biblis. \u00dcber ihre Mama Leia (Prinzessin Leia Fox von Roohan) geh\u00f6rt Ellara zu einer der \u00e4ltesten Linien der Roohaner. Ihr&#8230;<\/p>\n<p class=\"more-link\"><a href=\"https:\/\/klassehunde.de\/Blog\/ellara\/\" class=\"\"><span>Read More<\/span><i>&#43;<\/i><\/a><\/p>\n","protected":false},"author":1,"featured_media":0,"parent":0,"menu_order":0,"comment_status":"closed","ping_status":"closed","template":"","meta":{"ngg_post_thumbnail":0,"footnotes":""},"categories":[1],"tags":[],"class_list":["post-2657","page","type-page","status-publish","hentry","category-sonstiges-2"],"_links":{"self":[{"href":"https:\/\/klassehunde.de\/Blog\/wp-json\/wp\/v2\/pages\/2657","targetHints":{"allow":["GET"]}}],"collection":[{"href":"https:\/\/klassehunde.de\/Blog\/wp-json\/wp\/v2\/pages"}],"about":[{"href":"https:\/\/klassehunde.de\/Blog\/wp-json\/wp\/v2\/types\/page"}],"author":[{"embeddable":true,"href":"https:\/\/klassehunde.de\/Blog\/wp-json\/wp\/v2\/users\/1"}],"replies":[{"embeddable":true,"href":"https:\/\/klassehunde.de\/Blog\/wp-json\/wp\/v2\/comments?post=2657"}],"version-history":[{"count":5,"href":"https:\/\/klassehunde.de\/Blog\/wp-json\/wp\/v2\/pages\/2657\/revisions"}],"predecessor-version":[{"id":2714,"href":"https:\/\/klassehunde.de\/Blog\/wp-json\/wp\/v2\/pages\/2657\/revisions\/2714"}],"wp:attachment":[{"href":"https:\/\/klassehunde.de\/Blog\/wp-json\/wp\/v2\/media?parent=2657"}],"wp:term":[{"taxonomy":"category","embeddable":true,"href":"https:\/\/klassehunde.de\/Blog\/wp-json\/wp\/v2\/categories?post=2657"},{"taxonomy":"post_tag","embeddable":true,"href":"https:\/\/klassehunde.de\/Blog\/wp-json\/wp\/v2\/tags?post=2657"}],"curies":[{"name":"wp","href":"https:\/\/api.w.org\/{rel}","templated":true}]}}